ainder when 52 is divided by 61/7 - 6/(-21).
7
Let m(d) = d**3 - 4*d**2 + 2*d - 5. What is the remainder when m(5) is divided by ((-7)/(-21))/(2/66)?
8
Let v(g) = -2*g - 2*g - 2*g + 0*g. Let l be v(3). Calculate the remainder when 34 is divided by (-1120)/(-63) + (-4)/l.
16
Suppose -2*m + 2*s = -m + 29, -m + 6 = 5*s. Let h = -6 - m. Let k(t) = 2*t**3 - 2*t**2 - 3*t - 2. What is the remainder when k(3) is divided by h?
12
Suppose -4*l + 2*v = -42, -2*v = l + 2*v - 15. What is the remainder when ((-6)/(-4))/(21/574) is divided by l?
8
Suppose 13 + 17 = 5*d. Suppose -g + d = -2*g - 5*b, -5*b = 4*g - 36. What is the remainder when g is divided by 6?
2
Let k(q) = -2*q**3 - q**2 + q - 2. What is the remainder when 13 is divided by k(-2)?
5
Let w be 8 - ((-2 - -3) + -2). Let r = w - 3. Calculate the remainder when 11 is divided by r.
5
Let m = -20 + 47. Suppose -5*j = 3*f, 0 = -f - 0 - 5. What is the remainder when m is divided by (0 - -14) + 0/j?
13
Let d(o) = -o + 3. Let v be (-4)/(-8)*10*1. Suppose -f = -v*g - 16, 5*g + f = 1 - 25. Calculate the remainder when 19 is divided by d(g).
5
Suppose 5*z - 116 = 409. Calculate the remainder when z is divided by 27.
24
What is the remainder when 314 is divided by (-7676)/(-171) + 2/18?
44
Suppose 4*a - 65 = -3*n, -n - a = -4*n + 85. Calculate the remainder when 159 is divided by n.
24
Let f(d) = 12*d**2 - 2*d - 1. Let y = 11 - 7. Suppose -3*c + y*c = 5. Calculate the remainder when f(-1) is divided by c.
3
Let y(p) = p**2 + p + 5. Let n be y(0). Let c(g) = 3*g + 3. Let z be c(n). Let f = -10 + z. What is the remainder when f is divided by 5?
3
Let n = -3 + 7. Let u = n - -6. Calculate the remainder when 28 is divided by u.
8
Let t(p) = 3*p**2. Let m be t(1). Suppose -8*i + m*i - 3*k = -74, -70 = -4*i + 3*k. Suppose -a = -5*a + i. What is the remainder when 10 is divided by a?
2
Let n(l) = l**2 - 3*l - 4. Let j be n(4). Suppose -b + j*y - 3*y + 21 = 0, 0 = -5*b + 4*y + 67. What is the remainder when 28 is divided by b?
13
What is the remainder when (-5 - 0)*(-64)/20 is divided by 6 - 1 - (-2 - -1)?
4
Let h = -17 + 42. Suppose -z + m - 2 = 3*m, -3*m - 12 = -3*z. Calculate the remainder when (2 - z) + -2 + 51 is divided by h.
24
Suppose -q + 2*q = 139. Suppose -3*a = a - 140. What is the remainder when q is divided by a?
34
Let c(f) = 4*f**2 + 4*f + 15. Calculate the remainder when c(-4) is divided by 27.
9
Let q = 66 + 63. What is the remainder when q is divided by 26?
25
Let h = 14 - 4. Calculate the remainder when ((-150)/(-175))/((-1)/(-21)) is divided by h.
8
Let o be (1/(-3))/(1/(-69)). Let j = o + -14. Let d(y) = -5*y - 4. Calculate the remainder when d(-4) is divided by j.
7
Let j = -82 - -110. What is the remainder when j is divided by 15?
13
Let n = 0 + 10. Suppose -3*i = c - 83, c + 4*c = i - 33. What is the remainder when i is divided by n?
8
Let i(t) = 4*t**2 + 2*t + 4. Calculate the remainder when i(3) is divided by 12.
10
Let d(q) = q. Let k(m) = -13*m - 1. Let w(a) = 5*d(a) + k(a). Suppose -4*v + 40 = -4. What is the remainder when w(-4) is divided by v?
9
Let y(k) = 198*k**3 + k**2 - k. Let x be y(1). Let g be (-4)/10 + x/45. Calculate the remainder when (-58)/(-6) + g/(-6) is divided by 5.
4
Suppose c - 64 = -b, -2*b + 0*c - 3*c + 132 = 0. Suppose -6*s + 5*p = -3*s - 73, -4*p = -4*s + 92. What is the remainder when b is divided by s?
18
Let m = 78 - 80. Suppose -z + 3 = 3*r + 10, 4*z + 11 = 5*r. Calculate the remainder when 6 is divided by r*(-1 - m)*-3.
0
Let t(q) = q - 5. Suppose p = -4*d + 2*p + 29, 3*d - 5*p - 26 = 0. Let k be t(d). Suppose h = k*h - 5. Calculate the remainder when 8 is divided by h.
3
Suppose -18 + 86 = 4*v - 4*o, -3*o + 63 = 3*v. What is the remainder when 73 is divided by v?
16
Let q(u) = -u**3 - u**2 - u + 2. Let j be q(0). Suppose -4*d + 153 = 5*l, -4*d - j*l + 113 = -d. Calculate the remainder when d is divided by 8.
5
Let y = 33 - -3. Suppose 5*l = l + y. Calculate the remainder when l is divided by 4.
1
Suppose -25 = -3*w - 5*k + 10, -k + 55 = 3*w. What is the remainder when 79 is divided by w?
19
Suppose 2*s + 0 - 64 = 0. Calculate the remainder when s is divided by 11.
10
Suppose 49 = 5*q - 0*q - 3*l, 4*q - 3*l = 38. Calculate the remainder when q is divided by 4.
3
Suppose 0*b + 83 = b. What is the remainder when b is divided by 28?
27
Let x(p) = -p**2 - 12*p - 17. Calculate the remainder when 26 is divided by x(-8).
11
Suppose -21 + 65 = 4*z. Suppose h + 11 = 4*u, -6*h + h - 15 = 0. Suppose 1 + 11 = u*g. What is the remainder when z is divided by g?
5
Let s(v) = v**2 + 10*v - 1. Let l be s(-11). Let y(w) = w**2 - 9*w - 8. Calculate the remainder when 3 is divided by y(l).
1
Let h(y) = -y**3 - 5*y**2 - 14*y - 24. What is the remainder when h(-4) is divided by 10?
6
Suppose -3*k + 9 + 30 = 0. What is the remainder when k is divided by 7?
6
Suppose 0 = -j + 3*j. Let m(i) = 2*i**2 - i + 4. Calculate the remainder when m(-3) is divided by (-26 - j)*(-1)/2.
12
Let l(h) be the second derivative of h**5/20 + 11*h**4/12 + 11*h**3/6 + 5*h**2 - 2*h. What is the remainder when l(-9) is divided by 25?
23
Suppose 3*y - 4*u = 21, 3*y + 4*u - 35 = -2*y. Let j = 30 + -19. What is the remainder when j is divided by y?
4
Suppose 0 = -5*v + 229 + 1. What is the remainder when v is divided by 18?
10
Let u be (6/15)/((-1)/(-10)). Suppose 3*x = -l - 2, 0*l - u*x = -2*l + 36. Calculate the remainder when l is divided by 4.
2
Let h(p) = -p**3 - 10*p**2 - 12*p - 12. Let n(r) = 0 + 3*r - r - 3. Let c be n(-3). What is the remainder when 44 is divided by h(c)?
14
Let a(d) = -d + 12. Calculate the remainder when ((-3)/1)/((-30)/90) is divided by a(6).
3
Let n = 126 + -66. What is the remainder when (n - 0) + 8/(-4) is divided by 20?
18
Let j(g) = 13*g - 3. What is the remainder when j(3) is divided by (7 + -10)*19/(-3)?
17
Let s = -4 + 6. Let a = -51 - -51. Suppose 4*w - 36 = c, -w + a + 2 = -s*c. Calculate the remainder when w is divided by 3.
1
Suppose 0 = 5*r - o + 61, -2*r - 3*o + 4*o - 22 = 0. Let b = r - -29. What is the remainder when 46 is divided by b?
14
Let a(v) be the third derivative of -v**6/120 + v**5/60 + v**4/24 + 5*v**3/2 + v**2. What is the remainder when 44 is divided by a(0)?
14
Let t(r) = -r**2 - 9*r - 6. What is the remainder when 32 is divided by t(-6)?
8
Suppose -i = 5*u + 38 - 217, 19 = u - 4*i. Suppose 0 = 5*a - 0*a - u. Calculate the remainder when a is divided by (-4)/(-2)*6/4.
1
Let i(n) = -6*n**2 + 4*n + 3. Let r(z) = -5*z**2 + 4*z + 3. Let p(v) = -6*i(v) + 7*r(v). What is the remainder when 58 is divided by p(-6)?
13
Let m(s) = -s - 2. Suppose 5*g = -13 - 47. Calculate the remainder when 29 is divided by m(g).
9
Let q(x) = -5*x**3 - 3*x**2 - 2*x + 1. Let k(w) = -6*w - 3. Suppose 2 = -5*v + 4*v. What is the remainder when q(-2) is divided by k(v)?
6
Let j be 2/(-8) + (-15)/(-12). Suppose j = 2*y - 23. Suppose m = 14 + 20. What is the remainder when m is divided by y?
10
Suppose 0 = 2*x - 2, -5*g + 79 - 19 = 5*x. Let n = -4 + g. Suppose -m = 3*m - 44. Calculate the remainder when m is divided by n.
4
Suppose t + 39 = 4*t. Let x(y) = y**3 + 14*y**2 + 15*y + 31. Calculate the remainder when t is divided by x(-13).
3
Let q = 30 + -24. Calculate the remainder when q is divided by 2.
0
Suppose 2*n - 62 = -4*w, w + 2 = -3*n + 20. What is the remainder when w is divided by 9?
6
Suppose 6*x - 3*x = 2*s - 77, -3*s + 111 = -3*x. What is the remainder when s is divided by 18?
16
Calculate the remainder when (-5 + -3)*(-13 + 4) is divided by 15.
12
Let s be 3/(3/(-1)) + 13. What is the remainder when ((-26)/(-6))/(2/s) is divided by 14?
12
Let o = 31 - 28. Calculate the remainder when o is divided by 2.
1
Let f(y) = y**2 + 2*y + 13. What is the remainder when 23 is divided by f(0)?
10
Let o = -132 + 144. What is the remainder when 18 is divided by o?
6
Let x(s) = s + 9. Let q be x(-8). What is the remainder when 20 is divided by (-21)/(-7) + 4*q?
6
Suppose 4*m + 7 - 19 = 0. Suppose -5 = -m*p + 7. What is the remainder when 14 is divided by -20*(-5)/(50/p)?
6
Let c = 204 - 95. Calculate the remainder when c is divided by 28.
25
Let w = -5 + 5. Suppose -j - 2*c + 16 = -4*c, w = -5*c - 15. Calculate the remainder when 19 is divided by j.
9
Suppose -5*k = 15, a - 4 = -